{"id":387,"date":"2016-10-06T22:29:49","date_gmt":"2016-10-06T20:29:49","guid":{"rendered":"http:\/\/www.liberabg.it\/l\/?page_id=387"},"modified":"2022-03-07T11:33:25","modified_gmt":"2022-03-07T10:33:25","slug":"val-seriana","status":"publish","type":"page","link":"http:\/\/www.liberabg.it\/index.php\/presidi\/val-seriana\/","title":{"rendered":"Val Seriana &#8220;Alessandro Ferrari e Cristina Mazzotti&#8221;"},"content":{"rendered":"\t\t<div data-elementor-type=\"wp-page\" data-elementor-id=\"387\" class=\"elementor elementor-387\">\n\t\t\t\t\t\t<section class=\"elementor-section elementor-top-section elementor-element elementor-element-7d13b97b elementor-section-boxed elementor-section-height-default elementor-section-height-default\" data-id=\"7d13b97b\" data-element_type=\"section\" data-e-type=\"section\">\n\t\t\t\t\t\t<div class=\"elementor-container elementor-column-gap-default\">\n\t\t\t\t\t<div class=\"elementor-column elementor-col-100 elementor-top-column elementor-element elementor-element-248b0861\" data-id=\"248b0861\" data-element_type=\"column\" data-e-type=\"column\">\n\t\t\t<div class=\"elementor-widget-wrap elementor-element-populated\">\n\t\t\t\t\t\t<div class=\"elementor-element elementor-element-e25bf4f elementor-widget elementor-widget-text-editor\" data-id=\"e25bf4f\" data-element_type=\"widget\" data-e-type=\"widget\" data-widget_type=\"text-editor.default\">\n\t\t\t\t<div class=\"elementor-widget-container\">\n\t\t\t\t\t\t\t\t\t<h3 style=\"font-style: normal; font-variant-ligatures: normal; font-variant-caps: normal; text-align: center;\"><strong>Presidio della Valle Seriana&nbsp;<\/strong><\/h3><h3 style=\"font-style: normal; font-variant-ligatures: normal; font-variant-caps: normal; text-align: center;\"><strong>&#8220;Alessandro Ferrari e Cristina Mazzotti&#8221;<\/strong><\/h3>\t\t\t\t\t\t\t\t<\/div>\n\t\t\t\t<\/div>\n\t\t\t\t<div class=\"elementor-element elementor-element-2a349d0 elementor-widget elementor-widget-image\" data-id=\"2a349d0\" data-element_type=\"widget\" data-e-type=\"widget\" data-widget_type=\"image.default\">\n\t\t\t\t<div class=\"elementor-widget-container\">\n\t\t\t\t\t\t\t\t\t\t\t\t\t\t\t<img decoding=\"async\" width=\"150\" height=\"150\" src=\"http:\/\/www.liberabg.it\/l\/wp-content\/uploads\/2022\/03\/presidio-Libera-valle-Seriana-150x150.jpeg\" class=\"attachment-thumbnail size-thumbnail wp-image-1471\" alt=\"\" srcset=\"http:\/\/www.liberabg.it\/l\/wp-content\/uploads\/2022\/03\/presidio-Libera-valle-Seriana-150x150.jpeg 150w, http:\/\/www.liberabg.it\/l\/wp-content\/uploads\/2022\/03\/presidio-Libera-valle-Seriana-300x300.jpeg 300w, http:\/\/www.liberabg.it\/l\/wp-content\/uploads\/2022\/03\/presidio-Libera-valle-Seriana-1024x1024.jpeg 1024w, http:\/\/www.liberabg.it\/l\/wp-content\/uploads\/2022\/03\/presidio-Libera-valle-Seriana-768x768.jpeg 768w, http:\/\/www.liberabg.it\/l\/wp-content\/uploads\/2022\/03\/presidio-Libera-valle-Seriana-200x200.jpeg 200w, http:\/\/www.liberabg.it\/l\/wp-content\/uploads\/2022\/03\/presidio-Libera-valle-Seriana.jpeg 1080w\" sizes=\"(max-width: 150px) 100vw, 150px\" \/>\t\t\t\t\t\t\t\t\t\t\t\t\t\t\t<\/div>\n\t\t\t\t<\/div>\n\t\t\t\t<div class=\"elementor-element elementor-element-1b9179b2 elementor-widget elementor-widget-text-editor\" data-id=\"1b9179b2\" data-element_type=\"widget\" data-e-type=\"widget\" data-widget_type=\"text-editor.default\">\n\t\t\t\t<div class=\"elementor-widget-container\">\n\t\t\t\t\t\t\t\t\t<h3 style=\"text-align: center;\">\u00a0<\/h3><p>Il presidio della Val Seriana si \u00e8 costituito ufficialmente il 17 febbraio 2017 ad Alzano Lombardo. E&#8217; intitolato a due vittime innocenti di mafia: Alessandro Ferrari e Cristina Mazzotti.<\/p><p>\u00a0<\/p><p>Referente: <strong>Giulietta Zanga<\/strong><br \/>Sede c\/o Auditorium Modernissimo, Piazza della Libert\u00e0<br \/>24027 Nembro<br \/>mail: presidioliberavalleseriana@googlegroups.com<br \/><a href=\"https:\/\/www.facebook.com\/Presidio-Libera-Valle-Seriana-191143324687682\/\" target=\"_blank\" rel=\"noopener\">Pagina Facebook<\/a><\/p><p>\u00a0<\/p><h4><span style=\"color: #ff9900;\">Alessandro Ferrari<\/span><\/h4><p><img decoding=\"async\" class=\"alignleft size-thumbnail wp-image-549\" src=\"http:\/\/www.liberabg.it\/l\/wp-content\/uploads\/2016\/10\/AlessandroFerrari-150x150.jpg\" alt=\"\" width=\"150\" height=\"150\" \/><\/p><p><strong>Alessandro Ferrari<\/strong> nasce a Gandino il 19 ottobre 1963, e nella cittadina della Val Seriana trascorre l&#8217;infanzia insieme ai fratelli (Giuseppe ed Elena), al pap\u00e0 Agostino e alla mamma Elisabetta; la famiglia successivamente si trasferisce a Milano. Assunto in servizio nei vigili urbani di Milano nel 1986, nel 1989 si sposa con Giovanna, e al momento della morte \u00e8 padre del piccolo Matteo, di un anno.<\/p><p>La sera del 27 luglio 1993, la pattuglia dei vigili urbani milanesi \u201cMonza 3\u201d, guidata dallo stesso Ferrari, nota una Fiat Uno parcheggiata in via Palestro, di fronte al Padiglione di Arte Contemporanea; dall&#8217;automobile esce del fumo bianco. Ferrari richiede quindi l&#8217;intervento dei vigili del fuoco e nel frattempo blocca la strada. L&#8217;autobomba scoppia alle 23.14, causando la morte di Alessandro Ferrari e di altre quattro persone: i vigili del Fuoco Carlo La Catena, Sergio Pasotto e Stefano Picerno, e l&#8217;immigrato marocchino Moussafir Driss, che dormiva su una panchina poco distante dal luogo della deflagrazione.<\/p><p>Alessandro Ferrari \u00e8 stato insignito della medaglia d&#8217;oro al valor civile \u201calla memoria\u201d il 22 novembre 1993; nel 2011 gli \u00e8 stata intitolata la sala civica di Gandino.<\/p><p><a href=\"https:\/\/it.wikipedia.org\/wiki\/Strage_di_via_Palestro\" target=\"_blank\" rel=\"noopener\">La strage di via Palestro<\/a>, che oltre ai cinque morti ha provocato anche dodici feriti, fu voluta da Cosa nostra nell&#8217;ambito della <a href=\"https:\/\/it.wikipedia.org\/wiki\/Bombe_del_1992-1993\" target=\"_blank\" rel=\"noopener\">strategia stragistica-terroristica<\/a> messa in atto tra 1992 e 1993 come rappresaglia per la lotta contro la mafia portata avanti dallo Stato Italiano.<\/p><p>\u00a0<\/p><p>\u00a0<\/p><h4><span style=\"color: #ff9900;\">Cristina Mazzotti<\/span><\/h4><p><img decoding=\"async\" class=\"alignleft size-thumbnail wp-image-550\" src=\"http:\/\/www.liberabg.it\/l\/wp-content\/uploads\/2016\/10\/CristinaMazzotti-150x150.jpg\" alt=\"\" width=\"150\" height=\"150\" \/><\/p><p><strong>Cristina Mazzotti<\/strong> era figlia di Helios Mazzotti, agiato industriale comasco del settore cereali.<br \/>La sera del 26 giugno 1975 stava rientrando con una coppia di amici da una festa organizzata per festeggiare la sua promozione: la loro macchina stava percorrendo la strada che porta a Longone al Segrino, quando venne affiancata da altre due auto e un uomo mascherato, con le armi spianate, intim\u00f2 loro di scendere. Il malvivente chiese quale delle due ragazze fosse Cristina Mazzotti e la ragazza, coraggiosamente, si present\u00f2. I rapitori contattarono la famiglia il giorno dopo chiedendo un riscatto record: 5 miliardi di lire. La richiesta diminu\u00ec successivamente, dopo che i genitori di Cristina avevano espresso l\u2019impossibilit\u00e0 di reperire la cifra iniziale. A fine luglio Helios Mazzotti, in gran segreto, si rec\u00f2 in un appartamento di Appiano Gentile, dove vers\u00f2 la somma di un miliardo e cinquanta milioni ai rapitori, ricevendo in cambio la loro assicurazione sull\u2019immediato rilascio della ragazza. Ma le cose erano destinate a evolversi in maniera drammatica.<\/p><p>Il primo settembre si seppe che era stata trovata Cristina, morta, in una discarica di Varallino, vicino Sesto Calende. Sepolta sotto una bambola rotta giaceva la ragazza, in avanzato stato di decomposizione. L\u2019autopsia rivel\u00f2 che giaceva l\u00e0 da oltre quaranta giorni e non si poteva stabilire con esattezza se il corpo era stato sepolto quando la ragazza era morta. Uno della banda dei sequestratori della ragazza, Libero Ballinari, era stato gi\u00e0 arrestato in Svizzera, mentre cercava di riciclare una parte del riscatto del sequestro. Fu lui a dare le prime notizie sulla prigionia e sulla morte della sventurata ragazza. Raccont\u00f2 come Cristina fosse debilitata dalla lunga prigionia e venisse costretta ad assumere dapprima dosi massicce di eccitanti, per poter parlare con i genitori e convincerli a pagare il riscatto, e poi con tranquillanti per sedarne la volont\u00e0 e impedirle di agitarsi. In conseguenza di questo spregiudicato trattamento, ebbe alla fine un malore. I rapitori, spaventati, la trasportarono via, e la ragazza, durante il viaggio, spir\u00f2.<\/p><p>Nel frattempo Helios, il padre, era morto a Buenos Aires nell\u2019aprile 1976, stroncato da un infarto o, secondo i parenti, morto di dolore. Nel 1977, otto dei componenti della banda sono stati condannati all\u2019ergastolo.<\/p>\t\t\t\t\t\t\t\t<\/div>\n\t\t\t\t<\/div>\n\t\t\t\t\t<\/div>\n\t\t<\/div>\n\t\t\t\t\t<\/div>\n\t\t<\/section>\n\t\t\t\t<\/div>\n\t\t","protected":false},"excerpt":{"rendered":"<p>Presidio della Valle Seriana&nbsp; &#8220;Alessandro Ferrari e Cristina Mazzotti&#8221; \u00a0 Il presidio della Val Seriana si \u00e8 costituito ufficialmente il 17 febbraio 2017 ad Alzano Lombardo. E&#8217; intitolato a due vittime innocenti di mafia: Alessandro Ferrari e Cristina Mazzotti. \u00a0 Referente: Giulietta ZangaSede c\/o Auditorium Modernissimo, Piazza della Libert\u00e024027 Nembromail: &hellip;<\/p>\n","protected":false},"author":1,"featured_media":0,"parent":377,"menu_order":0,"comment_status":"closed","ping_status":"closed","template":"","meta":{"jetpack_post_was_ever_published":false,"footnotes":""},"class_list":["post-387","page","type-page","status-publish","hentry"],"jetpack_sharing_enabled":true,"jetpack_shortlink":"https:\/\/wp.me\/P7YFQD-6f","_links":{"self":[{"href":"http:\/\/www.liberabg.it\/index.php\/wp-json\/wp\/v2\/pages\/387","targetHints":{"allow":["GET"]}}],"collection":[{"href":"http:\/\/www.liberabg.it\/index.php\/wp-json\/wp\/v2\/pages"}],"about":[{"href":"http:\/\/www.liberabg.it\/index.php\/wp-json\/wp\/v2\/types\/page"}],"author":[{"embeddable":true,"href":"http:\/\/www.liberabg.it\/index.php\/wp-json\/wp\/v2\/users\/1"}],"replies":[{"embeddable":true,"href":"http:\/\/www.liberabg.it\/index.php\/wp-json\/wp\/v2\/comments?post=387"}],"version-history":[{"count":11,"href":"http:\/\/www.liberabg.it\/index.php\/wp-json\/wp\/v2\/pages\/387\/revisions"}],"predecessor-version":[{"id":1474,"href":"http:\/\/www.liberabg.it\/index.php\/wp-json\/wp\/v2\/pages\/387\/revisions\/1474"}],"up":[{"embeddable":true,"href":"http:\/\/www.liberabg.it\/index.php\/wp-json\/wp\/v2\/pages\/377"}],"wp:attachment":[{"href":"http:\/\/www.liberabg.it\/index.php\/wp-json\/wp\/v2\/media?parent=387"}],"curies":[{"name":"wp","href":"https:\/\/api.w.org\/{rel}","templated":true}]}}

<div data-elementor-type="wp-page" data-elementor-id="387" class="elementor elementor-387">
						<section class="elementor-section elementor-top-section elementor-element elementor-element-7d13b97b elementor-section-boxed elementor-section-height-default elementor-section-height-default" data-id="7d13b97b" data-element_type="section" data-e-type="section">
						<div class="elementor-container elementor-column-gap-default">
					<div class="elementor-column elementor-col-100 elementor-top-column elementor-element elementor-element-248b0861" data-id="248b0861" data-element_type="column" data-e-type="column">
			<div class="elementor-widget-wrap elementor-element-populated">
						<div class="elementor-element elementor-element-e25bf4f elementor-widget elementor-widget-text-editor" data-id="e25bf4f" data-element_type="widget" data-e-type="widget" data-widget_type="text-editor.default">
				<div class="elementor-widget-container">
									<h3 style="font-style: normal; font-variant-ligatures: normal; font-variant-caps: normal; text-align: center;"><strong>Presidio della Valle Seriana&nbsp;</strong></h3><h3 style="font-style: normal; font-variant-ligatures: normal; font-variant-caps: normal; text-align: center;"><strong>&#8220;Alessandro Ferrari e Cristina Mazzotti&#8221;</strong></h3>								</div>
				</div>
				<div class="elementor-element elementor-element-2a349d0 elementor-widget elementor-widget-image" data-id="2a349d0" data-element_type="widget" data-e-type="widget" data-widget_type="image.default">
				<div class="elementor-widget-container">
															<img decoding="async" width="150" height="150" src="http://www.liberabg.it/l/wp-content/uploads/2022/03/presidio-Libera-valle-Seriana-150x150.jpeg" class="attachment-thumbnail size-thumbnail wp-image-1471" alt="" srcset="http://www.liberabg.it/l/wp-content/uploads/2022/03/presidio-Libera-valle-Seriana-150x150.jpeg 150w, http://www.liberabg.it/l/wp-content/uploads/2022/03/presidio-Libera-valle-Seriana-300x300.jpeg 300w, http://www.liberabg.it/l/wp-content/uploads/2022/03/presidio-Libera-valle-Seriana-1024x1024.jpeg 1024w, http://www.liberabg.it/l/wp-content/uploads/2022/03/presidio-Libera-valle-Seriana-768x768.jpeg 768w, http://www.liberabg.it/l/wp-content/uploads/2022/03/presidio-Libera-valle-Seriana-200x200.jpeg 200w, http://www.liberabg.it/l/wp-content/uploads/2022/03/presidio-Libera-valle-Seriana.jpeg 1080w" sizes="(max-width: 150px) 100vw, 150px" />															</div>
				</div>
				<div class="elementor-element elementor-element-1b9179b2 elementor-widget elementor-widget-text-editor" data-id="1b9179b2" data-element_type="widget" data-e-type="widget" data-widget_type="text-editor.default">
				<div class="elementor-widget-container">
									<h3 style="text-align: center;"> </h3><p>Il presidio della Val Seriana si è costituito ufficialmente il 17 febbraio 2017 ad Alzano Lombardo. E&#8217; intitolato a due vittime innocenti di mafia: Alessandro Ferrari e Cristina Mazzotti.</p><p> </p><p>Referente: <strong>Giulietta Zanga</strong><br />Sede c/o Auditorium Modernissimo, Piazza della Libertà<br />24027 Nembro<br />mail: presidioliberavalleseriana@googlegroups.com<br /><a href="https://www.facebook.com/Presidio-Libera-Valle-Seriana-191143324687682/" target="_blank" rel="noopener">Pagina Facebook</a></p><p> </p><h4><span style="color: #ff9900;">Alessandro Ferrari</span></h4><p><img decoding="async" class="alignleft size-thumbnail wp-image-549" src="http://www.liberabg.it/l/wp-content/uploads/2016/10/AlessandroFerrari-150x150.jpg" alt="" width="150" height="150" /></p><p><strong>Alessandro Ferrari</strong> nasce a Gandino il 19 ottobre 1963, e nella cittadina della Val Seriana trascorre l&#8217;infanzia insieme ai fratelli (Giuseppe ed Elena), al papà Agostino e alla mamma Elisabetta; la famiglia successivamente si trasferisce a Milano. Assunto in servizio nei vigili urbani di Milano nel 1986, nel 1989 si sposa con Giovanna, e al momento della morte è padre del piccolo Matteo, di un anno.</p><p>La sera del 27 luglio 1993, la pattuglia dei vigili urbani milanesi “Monza 3”, guidata dallo stesso Ferrari, nota una Fiat Uno parcheggiata in via Palestro, di fronte al Padiglione di Arte Contemporanea; dall&#8217;automobile esce del fumo bianco. Ferrari richiede quindi l&#8217;intervento dei vigili del fuoco e nel frattempo blocca la strada. L&#8217;autobomba scoppia alle 23.14, causando la morte di Alessandro Ferrari e di altre quattro persone: i vigili del Fuoco Carlo La Catena, Sergio Pasotto e Stefano Picerno, e l&#8217;immigrato marocchino Moussafir Driss, che dormiva su una panchina poco distante dal luogo della deflagrazione.</p><p>Alessandro Ferrari è stato insignito della medaglia d&#8217;oro al valor civile “alla memoria” il 22 novembre 1993; nel 2011 gli è stata intitolata la sala civica di Gandino.</p><p><a href="https://it.wikipedia.org/wiki/Strage_di_via_Palestro" target="_blank" rel="noopener">La strage di via Palestro</a>, che oltre ai cinque morti ha provocato anche dodici feriti, fu voluta da Cosa nostra nell&#8217;ambito della <a href="https://it.wikipedia.org/wiki/Bombe_del_1992-1993" target="_blank" rel="noopener">strategia stragistica-terroristica</a> messa in atto tra 1992 e 1993 come rappresaglia per la lotta contro la mafia portata avanti dallo Stato Italiano.</p><p> </p><p> </p><h4><span style="color: #ff9900;">Cristina Mazzotti</span></h4><p><img decoding="async" class="alignleft size-thumbnail wp-image-550" src="http://www.liberabg.it/l/wp-content/uploads/2016/10/CristinaMazzotti-150x150.jpg" alt="" width="150" height="150" /></p><p><strong>Cristina Mazzotti</strong> era figlia di Helios Mazzotti, agiato industriale comasco del settore cereali.<br />La sera del 26 giugno 1975 stava rientrando con una coppia di amici da una festa organizzata per festeggiare la sua promozione: la loro macchina stava percorrendo la strada che porta a Longone al Segrino, quando venne affiancata da altre due auto e un uomo mascherato, con le armi spianate, intimò loro di scendere. Il malvivente chiese quale delle due ragazze fosse Cristina Mazzotti e la ragazza, coraggiosamente, si presentò. I rapitori contattarono la famiglia il giorno dopo chiedendo un riscatto record: 5 miliardi di lire. La richiesta diminuì successivamente, dopo che i genitori di Cristina avevano espresso l’impossibilità di reperire la cifra iniziale. A fine luglio Helios Mazzotti, in gran segreto, si recò in un appartamento di Appiano Gentile, dove versò la somma di un miliardo e cinquanta milioni ai rapitori, ricevendo in cambio la loro assicurazione sull’immediato rilascio della ragazza. Ma le cose erano destinate a evolversi in maniera drammatica.</p><p>Il primo settembre si seppe che era stata trovata Cristina, morta, in una discarica di Varallino, vicino Sesto Calende. Sepolta sotto una bambola rotta giaceva la ragazza, in avanzato stato di decomposizione. L’autopsia rivelò che giaceva là da oltre quaranta giorni e non si poteva stabilire con esattezza se il corpo era stato sepolto quando la ragazza era morta. Uno della banda dei sequestratori della ragazza, Libero Ballinari, era stato già arrestato in Svizzera, mentre cercava di riciclare una parte del riscatto del sequestro. Fu lui a dare le prime notizie sulla prigionia e sulla morte della sventurata ragazza. Raccontò come Cristina fosse debilitata dalla lunga prigionia e venisse costretta ad assumere dapprima dosi massicce di eccitanti, per poter parlare con i genitori e convincerli a pagare il riscatto, e poi con tranquillanti per sedarne la volontà e impedirle di agitarsi. In conseguenza di questo spregiudicato trattamento, ebbe alla fine un malore. I rapitori, spaventati, la trasportarono via, e la ragazza, durante il viaggio, spirò.</p><p>Nel frattempo Helios, il padre, era morto a Buenos Aires nell’aprile 1976, stroncato da un infarto o, secondo i parenti, morto di dolore. Nel 1977, otto dei componenti della banda sono stati condannati all’ergastolo.</p>								</div>
				</div>
					</div>
		</div>
					</div>
		</section>
				</div>

<p>Presidio della Valle Seriana&nbsp; &#8220;Alessandro Ferrari e Cristina Mazzotti&#8221;   Il presidio della Val Seriana si è costituito ufficialmente il 17 febbraio 2017 ad Alzano Lombardo. E&#8217; intitolato a due vittime innocenti di mafia: Alessandro Ferrari e Cristina Mazzotti.   Referente: Giulietta ZangaSede c/o Auditorium Modernissimo, Piazza della Libertà24027 Nembromail: &hellip;</p>
